n factor of k and 2320?
16
Suppose 0 = 258*b - 291*b + 1320. What is the greatest common divisor of b and 28?
4
Let x(k) = 39*k**2 - k + 115. Let b be x(-8). What is the highest common factor of 27 and b?
27
Suppose 2*m - 6336 = -10*m. Suppose 0 = 5*a + 68 - m. What is the greatest common divisor of 138 and a?
46
Let s = 4781 - 4682. Calculate the greatest common factor of 231 and s.
33
Suppose 0 = 2*q + 3*i - 25, 3*i - 49 = 5*q - 10*q. Let v = 11 - q. What is the highest common factor of v and 48?
3
Suppose 5*n + 71 = 4*r - 29, 2*r - 36 = -n. What is the greatest common divisor of 5 and r?
5
Suppose -15*f = 5*f - 200. Let z be f*(6 - (-9 - -5)). What is the greatest common factor of 30 and z?
10
Let t(z) = 14*z + 94. Let r be t(-6). Let g be 2/r + 31584/105. Calculate the highest common divisor of g and 7.
7
Let g be 24/9*9/(-6) + 9120. What is the highest common divisor of 344 and g?
172
Suppose r + 5*v = -251 + 265, 3*r = -4*v + 31. What is the greatest common factor of 153 and r?
9
Suppose 27*y - 18 = 21*y. Suppose -y*q + 1200 = q. Calculate the highest common divisor of q and 60.
60
Let o = -75 + 80. Suppose -3*l + o*p = -620, -816 = -3*l - l + 4*p. Calculate the greatest common divisor of 25 and l.
25
Suppose k + 2*m - 11 = -9, 0 = -2*m. Let x = -24 - -38. Calculate the highest common factor of k and x.
2
Let f be ((-2)/4)/(4/(-32)). Suppose -4*o + 9 = x - 11, 5*x + f*o = 116. Calculate the highest common divisor of x and 156.
12
Suppose -56 = -3*z - k - 3*k, -z - 3*k + 27 = 0. Let v be (-6)/2*-5*z. Let r = -106 - -178. What is the highest common divisor of r and v?
36
Let c = 85 - 3. Suppose z - 167 = 2*o, -3*z - 5*o + 408 = -c. Calculate the highest common divisor of 33 and z.
33
Let w = -7157 - -7197. Calculate the greatest common factor of w and 10040.
40
Let u be -4*4/(-8) + 5 + -1. Suppose 7*o + u*o = 2717. Calculate the greatest common factor of 38 and o.
19
Let b(z) = z**2 + z + 294. Let k be b(0). Suppose r - k = -3*h + 417, -958 = -4*h + 2*r. What is the greatest common divisor of h and 68?
34
Suppose 0 = -6565*y + 6578*y - 663. What is the highest common factor of 1411 and y?
17
Let t(q) = 2*q**2 + 11*q - 19. Let c be t(11). Suppose -c = -4*p - u, -20 = 4*u - 9*u. What is the highest common factor of 34 and p?
17
Let x(b) = b**2 - 4*b - 3. Suppose 6 + 4 = 2*s. Let g be x(s). Suppose -8*c - 54 = -17*c. What is the greatest common factor of g and c?
2
Let j be (-3)/(-6)*(-52 + 68). Let o = 209 + -9. What is the highest common factor of o and j?
8
Let q = 6630 + -6560. Calculate the greatest common factor of q and 3390.
10
Let y(q) = 4*q**2 + 25*q - 13. Let x(k) = -2*k + 7. Let i be x(7). Let v be y(i). What is the greatest common divisor of v and 2?
2
Suppose 0 = -3*a + 54. Suppose -4*r + 10*r - 54 = 0. Suppose -r*o = -10*o + 45. What is the greatest common factor of a and o?
9
Let f(l) = 14*l + 54. Let a be f(-9). Let o = a - -88. Suppose o*g - 240 = -4*g. Calculate the greatest common divisor of g and 6.
6
Let z = 2296 - 2282. What is the greatest common divisor of 13342 and z?
14
Let l = -66 + 111. Let z be (l/10)/(9/12). Let s = 256 - 214. Calculate the highest common divisor of s and z.
6
Let n(k) = 12*k**3 - 33*k**2 + 90*k - 5. Let s be n(2). Calculate the greatest common factor of 51986 and s.
139
Let y(k) = 3720*k + 4333. Let r be y(8). Calculate the highest common factor of r and 103.
103
Let y = 88 + 235. Let i = -305 + y. What is the greatest common divisor of 3 and i?
3
Suppose 8*i - 9*i = 3*n - 170, -n = -4*i - 48. Calculate the highest common divisor of n and 7700.
28
Let z(u) = u**3 - 5*u**2 + 14*u - 15. Suppose 0 = -42*q + 425 - 47. Let p be z(q). What is the highest common divisor of p and 45?
15
Let m be 4/(-14) + 158/14. Let c(k) = k**3 - 10*k**2 + 15*k - 4. Let f be c(6). Let g = f + 80. What is the greatest common factor of g and m?
11
Suppose -422 = -5*s - 0*s + 378. What is the highest common factor of 4240 and s?
80
Let d(l) = -16*l**3 - 2*l**2 - 2*l + 20. Let u be d(-6). Calculate the highest common divisor of 280 and u.
56
Let k(o) = -30*o**2 + 10*o - 46. Let z be k(4). Let r = 585 + z. What is the greatest common divisor of r and 18?
9
Let x be -15*8/24 - -661*(3 - -62). What is the highest common factor of x and 240?
240
Let s be (-2)/(-1) + 16 - -3957. What is the greatest common divisor of s and 1113?
159
Suppose -2*t + 4 = -4*f, 4*t + 9*f = 10*f + 1. Suppose t = 25*w - 7410 + 2710. Calculate the highest common factor of w and 329.
47
Let o(l) = 29*l**3 + 7*l**2 - 21*l + 49. Let b be o(5). What is the highest common factor of b and 18?
18
Let t(u) be the first derivative of -13/2*u**2 + 1/3*u**3 + 25*u - 15. Let j be t(13). What is the greatest common divisor of j and 275?
25
Let m(v) = -5*v**2 + 125*v + 135. Let n be m(22). What is the greatest common factor of n and 345?
15
Suppose -6*n - 206 = -584. Let r = 2116 - 1864. What is the highest common divisor of r and n?
63
Let o be 6*25/(600/832). What is the greatest common divisor of 256 and o?
16
Let g = 405 + -388. Suppose -301 - 243 = -g*w. Calculate the highest common divisor of 152 and w.
8
Let i(r) = -r**2 - r - 1. Let x(y) = 3*y + 15. Let h(z) = -6*i(z) - x(z). Let v be h(7). Let k = -178 + v. What is the highest common divisor of 16 and k?
16
Suppose 0 = 298*d - 537*d + 54970. Calculate the highest common factor of 11270 and d.
230
Let w(m) = -5*m**3 - 3*m**2 - 12*m + 16. Let y be w(-6). Suppose -y = -23*o + 1263. What is the highest common factor of 101 and o?
101
Let u = 1364 - 682. What is the highest common divisor of 66 and u?
22
Suppose -3*u + 2939 = w, 5*u - 2*w - 3271 = 1620. Calculate the greatest common factor of 6319 and u.
89
Let x(u) = 1603*u + 14448. Let k be x(-9). What is the highest common divisor of k and 2408?
7
Let b = -274 + 189. Let r = b - -163. Calculate the highest common divisor of r and 52.
26
Let s = 322 - -21. Let o(t) = 99*t**3 + 19*t**2 - 16*t - 4. Let i be o(1). What is the highest common divisor of i and s?
49
Let o be (-149 - (-6)/6) + -1. Let f = -134 - o. Calculate the greatest common divisor of 21 and f.
3
Let g = -359 + 651. Let w = g - -65. Calculate the greatest common factor of w and 63.
21
Let a = 722 + -692. Let z(k) = 2*k + 330. Let x be z(0). What is the greatest common factor of a and x?
30
Let f(l) = -4*l + 774. Let u be f(-33). What is the greatest common divisor of u and 12?
6
Suppose -4*l + 28 = 4*v, -8 = -0*l + l - 2*v. Suppose 2*k = -5*m + 24 + 12, -l*k - 4 = 0. Calculate the highest common factor of m and 24.
8
Suppose -5 = -5*w + 45. Let l be 18/w*8/((-24)/(-15)). Let t be 4/14 + 1476/126. Calculate the highest common divisor of l and t.
3
Let y = -1 + 2. Let m = y - -4. Let v(x) = 2*x**3 - 6*x**2 + 2*x - 25. Let u be v(5). Calculate the highest common factor of m and u.
5
Let i(u) = 2*u + 56. Let l be ((18 + 2)/5 - 1) + 3. Let g be i(l). What is the greatest common divisor of g and 544?
68
Suppose -209920 = 110496*h - 110512*h. What is the highest common factor of 328 and h?
328
Suppose -392 = 4*m + 5*g - 1594, 3*m - 4*g = 917. Let l = 347 - m. What is the greatest common divisor of l and 66?
22
Let u(g) = 2*g**3 + 60*g**2 - 6*g - 31. Let i be u(-30). Calculate the greatest common factor of i and 3278.
149
Let c = -110 + 167. Let d be (-2)/(26/143) - -17. Calculate the highest common divisor of c and d.
3
Suppose 6*g - 40*g + 1449 = -8649. Suppose -8*i - 132 = -12*i. Calculate the greatest common factor of i and g.
33
Suppose 8*g - 9077 = -5*g + 12*g. Calculate the greatest common divisor of g and 87.
29
Suppose 4632 = 45*s - 235 + 637. What is the highest common factor of s and 2?
2
Let m(c) = -8*c - 18. Let u be m(-3). Let v be (u/(-8) + 8 + -8)*-4. Calculate the highest common divisor of v and 129.
3
Suppose 2*i + 4 = 0, -2*n + 252 = -2*i - 122. Let c be -1 + 6 + (n - 3). Calculate the highest common divisor of c and 17.
17
Let t = -140 + 212. Let y(x) = 4*x**2 - 360*x - 355. Let q be y(91). What is the greatest common factor of t and q?
9
Let g be (25/(-20))/(-4 - (-1719)/432). What is the highest common divisor of g and 14010?
30
Let w = 61 + -25. Let u be (-5)/2*32/(-10). Let v be u/6*(-126)/(-7). What is the highest common factor of w and v?
12
Suppose 4*a - 4*j = 864, 640 -